and v?
4
Let z be 6/45 - (-1072)/60. What is the greatest common factor of 90 and z?
18
Suppose -4*g - 98 = -2*m, -3*m = -2*g - 31 - 16. Let v = 47 + g. What is the highest common divisor of 88 and v?
22
Let q be (-1 - 15)*5/((-90)/(-207)). Let u = 217 + q. Let o(x) = -x - 3. Let f be o(-6). What is the greatest common divisor of f and u?
3
Let q(y) be the third derivative of 0 + 1/3*y**3 + 0*y - 2*y**2 - 1/4*y**4. Let b be q(-3). Calculate the highest common factor of 80 and b.
20
Let d(c) = -31*c + 70. Let k be d(2). Suppose -67 + 23 = -a. Calculate the greatest common divisor of a and k.
4
Suppose 0 = 4*b - 249 + 25. Suppose -8*k + 70 = -3*k. Calculate the highest common divisor of k and b.
14
Suppose -3*w + 285 = 4*r, -2*r + w = -2*w - 147. Suppose 4*v + 4 = -4. Let u be (-1 - 3)/(v/4). What is the highest common factor of r and u?
8
Let j(k) = -2*k. Let c be j(-1). Let z = 26 - c. Calculate the greatest common factor of 36 and z.
12
Suppose -2*u = -4*u + 4. Suppose -2*z = -u, c = -0*z - 4*z + 40. Suppose 45 = 14*f - 11. What is the greatest common factor of c and f?
4
Let g be ((-264)/(-15))/(1644/540 - 3). What is the highest common factor of g and 63?
9
Suppose -2*d + 3*m + 72 = -5*d, 4*d - 3*m = -110. Let r be 2/(-13) - 290/d. What is the greatest common divisor of r and 22?
11
Let x be 867/(-578)*50/(-3). Let m(a) = 5*a**2 + 2*a - 1. Suppose -3*d = -2*d - 3. Let z be m(d). What is the highest common divisor of x and z?
25
Let h be (-1498)/(-20) - 12/(-120). Calculate the greatest common factor of h and 125.
25
Suppose 653 = 2*i + 75. Calculate the highest common divisor of i and 34.
17
Suppose -3*t = -2*g - 2 + 17, 45 = 4*g - t. Suppose -g = -14*v + 11*v. Suppose 2*o = v*o - 60. What is the highest common factor of o and 75?
15
Suppose -1145 - 703 = -8*v. What is the greatest common divisor of v and 21?
21
Let x = -17 + 25. Suppose 5*q - 70 = -3*y + 10*q, -4*y + 2*q = -84. Calculate the greatest common divisor of x and y.
4
Let t = 15 + -35. Let d be (8/t)/((-2)/(-370)). Let a = 130 + d. What is the highest common factor of 7 and a?
7
Let t(l) = -112 + 2*l + 109 + l - 2*l. Let x be t(5). Calculate the highest common divisor of x and 16.
2
Suppose 2*g + 0 - 7 = -t, -4*g = -2*t + 22. What is the highest common factor of t and 93?
3
Let j(d) = d**3 - 13*d**2 + 4*d - 16. Let r = -58 - -71. Let v be j(r). Calculate the highest common divisor of 4 and v.
4
Let n(w) = -w**3 - 6*w**2 - 10*w - 21. Let f be n(-5). Suppose -f*j + 2*y + 71 + 11 = 0, 21 = j - y. Calculate the highest common factor of j and 10.
10
Let j(f) = -14*f - 108. Let h be j(-8). Suppose 26 = 4*r + 6. Suppose r*g - h = 311. Calculate the greatest common divisor of 9 and g.
9
Let u(h) = -h**3 + 8*h**2 + 124 + 4*h**2 - 11*h**2. Let o be u(0). Suppose 3*t - o = 11. Calculate the greatest common divisor of 9 and t.
9
Let t(v) = 3*v + 19. Let b be t(-5). Suppose 0*x - 4*x - m = -44, -b*x + 56 = -2*m. Calculate the greatest common factor of x and 4.
4
Let z(r) = 2*r**2 + 19*r - 36. Let j be z(2). Calculate the greatest common factor of 40 and j.
10
Let f = -231 + 246. Calculate the greatest common factor of 6 and f.
3
Suppose 2*f + 60 = 3*t, -2*f + 34 = 4*t - 32. Calculate the greatest common factor of t and 171.
9
Suppose 0 = -2*h - 6, y + 6*h - 4*h - 192 = 0. What is the highest common divisor of y and 1287?
99
Let v(k) = k**3 - 42*k**2 + 44*k - 96. Let h be v(41). What is the greatest common divisor of 1269 and h?
27
Suppose n = -4*g + 33, 2*n - 10 - 7 = -g. Let b be (-2)/g - 4050/(-63). Calculate the highest common factor of 16 and b.
16
Suppose -4*r = -3*r + 4. Let t = r + 32. Calculate the greatest common divisor of 308 and t.
28
Let a = 57 - 55. What is the greatest common factor of a and 18?
2
Let u(v) = v**2 - 20*v - 219. Let k be u(-10). Suppose -2*f - 3*p = -18, f = 3*p + 3 + 6. Calculate the highest common factor of f and k.
9
Let w be (1/(-2))/(3/(-462)). Let g be 2*-2*(2 + -3). Let o be ((-22)/g)/(3/(-6)). Calculate the highest common factor of o and w.
11
Let k be 86655/315 - (-6)/(-63). What is the greatest common factor of k and 11?
11
Let z(i) = i**3 - 8*i**2 + 15*i - 2. Let a be z(2). Calculate the highest common divisor of 40 and a.
4
Suppose 0 = 2*n + 2*v + 2*v - 28, -2*n + 22 = 2*v. Suppose -8*u - n = -9*u. What is the highest common divisor of 88 and u?
8
Let m(l) = 2*l**2 - 28*l + 105. Let b be m(10). Calculate the greatest common divisor of 800 and b.
25
Suppose 0 = -234*h + 229*h + w + 186, -h = -3*w - 26. Calculate the greatest common factor of 1463 and h.
19
Let s = 139 - 129. Calculate the greatest common factor of 190 and s.
10
Suppose 2*r + r + 68 = -k, -2*r - 47 = -k. Let n(h) = h**3 + 7*h**2 + h - 6. Let l be n(-6). Let j = l + r. Calculate the greatest common factor of j and 8.
1
Suppose 160 = 2*d + 2*d. Suppose 5*a - 10 - d = 0. Suppose -a = -4*m + 6. Calculate the highest common factor of 8 and m.
4
Let w(r) = r**3 + 10*r**2 + 11*r + 22. Let o be w(-9). Let q(j) = 11*j**2 + 4. Let f be q(o). What is the highest common factor of f and 36?
36
Let s be 82 - ((-6)/27 + 33/27). Suppose 2*i = s - 29. Calculate the highest common divisor of 117 and i.
13
Let w be ((-6765)/738)/((-1)/6). Let f be (-1 - -2)*(23 - 1). Calculate the highest common factor of f and w.
11
Suppose -3*j + 57 - 39 = -3*p, -4*j - 4*p = -32. What is the greatest common factor of 119 and j?
7
Let l = 10280 - 7202. What is the highest common factor of l and 114?
114
Suppose 0 = l - 6*l + 140. Suppose 3*s - 5*b = 667, 5*b = -3*s - 129 + 806. Calculate the highest common divisor of s and l.
28
Let x be (-88)/11*28/(-8). Calculate the greatest common factor of 6 and x.
2
Suppose 5*r = -5*k + 715, 3*k - 445 = -84*r + 89*r. Calculate the greatest common divisor of 2030 and k.
145
Suppose -4*j - 12 = a + 38, -4*a + 4*j - 160 = 0. Let x = a - -71. Calculate the highest common divisor of 29 and x.
29
Suppose -348*j = -349*j + 3*s + 601, 4*s = 3*j - 1793. Calculate the highest common divisor of j and 140.
35
Let k(c) = 18*c - 93. Let s be k(17). Calculate the greatest common factor of s and 497.
71
Let q(f) = 0*f - 21 - 6 + 2*f + 0*f. Let u be q(15). What is the highest common divisor of u and 3?
3
Suppose -95*n + 77*n + 61200 = 0. Calculate the greatest common factor of 136 and n.
136
Let v be ((-852)/8)/(((-561)/(-242))/(-17)). Calculate the highest common divisor of 213 and v.
71
Let v be ((-4)/1 - -1) + 2. Let x = v - -3. Suppose 110*k + 126 = 117*k. Calculate the highest common factor of k and x.
2
Let v(f) be the first derivative of -f**4/4 - 8*f**3/3 - 7*f**2/2 + 5*f - 1. Let g be v(-7). Let q = 50 - 45. What is the greatest common divisor of g and q?
5
Let u(v) be the second derivative of -2*v**3/3 - 11*v**2/2 + 11*v. Let x be u(-6). Let a be (-2 + 4)/(2/x). Calculate the greatest common divisor of 65 and a.
13
Let x(h) = 122*h - 591. Let o be x(10). Calculate the greatest common factor of 51 and o.
17
Suppose 5*m = 2*q - 4, 0*q = 2*q - 2*m - 4. Let d = 7 + q. What is the highest common divisor of d and 27?
9
Let p be (59/(-2))/(1/(-2)). Suppose -2*j = -21 - p. Suppose -2*o + 15 = -3*z, -o - 3*o = 4*z - j. Calculate the highest common divisor of 1 and o.
1
Suppose -5*h - 24 + 44 = 0. Suppose 145 = h*v - 671. Calculate the highest common factor of v and 51.
51
Let i = -112 + 232. Calculate the greatest common divisor of 24 and i.
24
Suppose -12*q = -6185 - 2095. What is the highest common factor of 10 and q?
10
Let c = 40 + -42. Let o be (1/c*1)/((-2)/8). Suppose 0 = -l + p - 0*p + 19, -p - 5 = 0. Calculate the highest common divisor of o and l.
2
Let c(q) = 4*q**3 - 4*q**2 + 4*q - 3. Let f be c(2). Let p be (2 - 1)/(f/252). Calculate the highest common divisor of 24 and p.
12
Let g be 168/10*(-115)/(-69). What is the highest common factor of 1204 and g?
28
Let f be ((-2)/(18/(-33)))/((-8)/(-24)). What is the highest common divisor of 407 and f?
11
Suppose j - 79 = -3*n - 0*n, -4*n - j + 106 = 0. Suppose 36 + 216 = 14*a. Calculate the greatest common divisor of n and a.
9
Suppose -b - 2*b = -48. Let w be ((-20)/b)/(1/(-4)). Let s(h) = 13*h - 5. Let l be s(w). Calculate the greatest common factor of 12 and l.
12
Let m(z) = z**3 + 13*z**2 - z - 8. Let r be m(-7). Suppose 0 = -4*j +